{"id":5,"date":"2017-11-06T14:16:33","date_gmt":"2017-11-06T14:16:33","guid":{"rendered":"http:\/\/bridge103.qodeinteractive.com\/?page_id=5"},"modified":"2018-02-23T18:57:27","modified_gmt":"2018-02-23T18:57:27","slug":"homepage","status":"publish","type":"page","link":"https:\/\/www.franchup.com\/index.php\/homepage\/","title":{"rendered":"Homepage"},"content":{"rendered":"<p>[vc_row css_animation=&#8221;&#8221; row_type=&#8221;row&#8221; use_row_as_full_screen_section=&#8221;no&#8221; type=&#8221;full_width&#8221; header_style=&#8221;light&#8221; anchor=&#8221;home&#8221; angled_section=&#8221;no&#8221; text_align=&#8221;left&#8221; background_image_as_pattern=&#8221;without_pattern&#8221; css=&#8221;.vc_custom_1519062763480{background-color: #151729 !important;}&#8221; z_index=&#8221;&#8221;][vc_column][rev_slider_vc alias=&#8221;home&#8221;][\/vc_column][\/vc_row][vc_row css_animation=&#8221;&#8221; row_type=&#8221;row&#8221; use_row_as_full_screen_section=&#8221;no&#8221; type=&#8221;full_width&#8221; header_style=&#8221;dark&#8221; angled_section=&#8221;no&#8221; text_align=&#8221;center&#8221; background_image_as_pattern=&#8221;without_pattern&#8221; css=&#8221;.vc_custom_1519059429116{padding-top: 50px !important;padding-bottom: 70px !important;}&#8221; z_index=&#8221;&#8221;][vc_column offset=&#8221;vc_col-lg-offset-2 vc_col-lg-8&#8243;][vc_column_text]<\/p>\n<h3 style=\"color: #0080ff;\">Brindamos Soluciones Innovadoras<\/h3>\n<p>[\/vc_column_text][image_hover target=&#8221;_self&#8221;][\/vc_column][\/vc_row][vc_row css_animation=&#8221;&#8221; row_type=&#8221;row&#8221; use_row_as_full_screen_section=&#8221;no&#8221; type=&#8221;full_width&#8221; header_style=&#8221;dark&#8221; angled_section=&#8221;no&#8221; text_align=&#8221;left&#8221; background_image_as_pattern=&#8221;without_pattern&#8221; z_index=&#8221;&#8221;][vc_column width=&#8221;1\/3&#8243;][image_with_text title_tag=&#8221;h5&#8243; image=&#8221;320&#8243; title=&#8221;Franch Up Gastronom\u00eda&#8221;][\/image_with_text][\/vc_column][vc_column width=&#8221;1\/3&#8243;][image_with_text title_tag=&#8221;h5&#8243; image=&#8221;313&#8243; title=&#8221;Franch Up Fast Food&#8221;][\/image_with_text][\/vc_column][vc_column width=&#8221;1\/3&#8243;][image_with_text title_tag=&#8221;h5&#8243; image=&#8221;315&#8243; title=&#8221;Franch Up Helader\u00edas&#8221;][\/image_with_text][\/vc_column][\/vc_row][vc_row css_animation=&#8221;&#8221; row_type=&#8221;row&#8221; use_row_as_full_screen_section=&#8221;no&#8221; type=&#8221;full_width&#8221; header_style=&#8221;dark&#8221; angled_section=&#8221;no&#8221; text_align=&#8221;left&#8221; background_image_as_pattern=&#8221;without_pattern&#8221; z_index=&#8221;&#8221;][vc_column width=&#8221;1\/3&#8243;][image_with_text title_tag=&#8221;h5&#8243; image=&#8221;316&#8243; title=&#8221;Franch Up Cafeter\u00edas&#8221;][\/image_with_text][\/vc_column][vc_column width=&#8221;1\/3&#8243;][image_with_text title_tag=&#8221;h5&#8243; image=&#8221;317&#8243; title=&#8221;Franch Up Cervecer\u00edas&#8221;][\/image_with_text][\/vc_column][vc_column width=&#8221;1\/3&#8243;][image_with_text title_tag=&#8221;h5&#8243; image=&#8221;318&#8243; title=&#8221;Franch Up Retail&#8221;][\/image_with_text][\/vc_column][\/vc_row][vc_row css_animation=&#8221;&#8221; row_type=&#8221;row&#8221; use_row_as_full_screen_section=&#8221;no&#8221; type=&#8221;full_width&#8221; header_style=&#8221;dark&#8221; anchor=&#8221;brand-solution&#8221; angled_section=&#8221;no&#8221; text_align=&#8221;center&#8221; background_image_as_pattern=&#8221;without_pattern&#8221; css=&#8221;.vc_custom_1519059469892{padding-top: 50px !important;padding-bottom: 70px !important;}&#8221; z_index=&#8221;&#8221;][vc_column offset=&#8221;vc_col-lg-offset-2 vc_col-lg-8&#8243;][vc_column_text]<\/p>\n<h3 style=\"color: #0080ff;\">Brand Solution<\/h3>\n<p>[\/vc_column_text][vc_column_text]<\/p>\n<h6>Es nuestra soluci\u00f3n integral para negocios y franquicias que deseen hacer crecer sus ventas mensuales, fidelizar clientes y modernizar imagen y posicionar su marca.<\/h6>\n<h6>Esta soluci\u00f3n contempla la integraci\u00f3n de un bot\u00f3n de Pedido Online + una aplicaci\u00f3n m\u00f3vil de la marca.<\/h6>\n<p>&nbsp;<\/p>\n<h5 style=\"color: #1dafcc;\">BOTON DE PEDIDO ONLINE INTEGRABLE A TU SITIO WEB<br \/>\n+<br \/>\nAPLICACI\u00d3N MOBILE DE TU MARCA<br \/>\n+<br \/>\nM\u00d3DULO DE ADMINISTRACI\u00d3N DE MEN\u00da<\/h5>\n<p>[\/vc_column_text][\/vc_column][\/vc_row][vc_row css_animation=&#8221;&#8221; row_type=&#8221;row&#8221; use_row_as_full_screen_section=&#8221;no&#8221; type=&#8221;full_width&#8221; header_style=&#8221;dark&#8221; anchor=&#8221;row-2&#8243; angled_section=&#8221;no&#8221; text_align=&#8221;left&#8221; background_image_as_pattern=&#8221;without_pattern&#8221; css=&#8221;.vc_custom_1519059478044{margin-right: 4.5% !important;margin-left: 4.5% !important;padding-bottom: 155px !important;}&#8221; z_index=&#8221;&#8221;][vc_column][qode_advanced_image_gallery type=&#8221;carousel&#8221; enable_image_shadow=&#8221;no&#8221; space_between_items=&#8221;large&#8221; number_of_visible_items=&#8221;5&#8243; slider_loop=&#8221;yes&#8221; slider_autoplay=&#8221;yes&#8221; slider_navigation=&#8221;no&#8221; slider_pagination=&#8221;yes&#8221; images=&#8221;299,300,301,302,303,304,305,306&#8243; image_size=&#8221;full&#8221;][\/vc_column][\/vc_row][vc_row css_animation=&#8221;&#8221; row_type=&#8221;row&#8221; use_row_as_full_screen_section=&#8221;no&#8221; type=&#8221;full_width&#8221; header_style=&#8221;dark&#8221; anchor=&#8221;resto-nube&#8221; angled_section=&#8221;no&#8221; text_align=&#8221;left&#8221; background_image_as_pattern=&#8221;without_pattern&#8221; css=&#8221;.vc_custom_1519018068135{padding-bottom: 40px !important;}&#8221; z_index=&#8221;&#8221;][vc_column offset=&#8221;vc_col-lg-6 vc_col-md-12&#8243;][qode_elements_holder number_of_columns=&#8221;one_column&#8221;][qode_elements_holder_item item_padding=&#8221;0 0 0 154px&#8221; advanced_animations=&#8221;no&#8221; item_padding_1280_1440=&#8221;5px 0px 0 60px&#8221; item_padding_1024_1280=&#8221;5px 0 0 60px&#8221; item_padding_768_1024=&#8221;0 0 0 100px&#8221; item_padding_600_768=&#8221;0 0 0 100px&#8221; item_padding_480=&#8221;0 20px 0 20px&#8221;][vc_single_image image=&#8221;310&#8243; img_size=&#8221;full&#8221; qode_css_animation=&#8221;element_from_left&#8221; css=&#8221;.vc_custom_1518787130063{margin-right: 0px !important;margin-left: 0px !important;padding-top: 0px !important;padding-right: 0px !important;padding-bottom: 0px !important;padding-left: 0px !important;}&#8221;][\/qode_elements_holder_item][\/qode_elements_holder][\/vc_column][vc_column offset=&#8221;vc_col-lg-6 vc_col-md-12&#8243;][qode_elements_holder number_of_columns=&#8221;one_column&#8221;][qode_elements_holder_item item_padding=&#8221;0 410px 0 0&#8243; advanced_animations=&#8221;no&#8221; item_padding_1280_1440=&#8221;0 60px 0 0 &#8221; item_padding_1024_1280=&#8221;0 60px 0 0 &#8221; item_padding_768_1024=&#8221;0 100px 0 100px&#8221; item_padding_600_768=&#8221;0 100px 0 100px&#8221; item_padding_480=&#8221;50px 20px 0 20px&#8221;][vc_column_text]<\/p>\n<h3 style=\"color: #0080ff;\">Resto Nube<\/h3>\n<p>[\/vc_column_text][vc_empty_space height=&#8221;22px&#8221;][vc_column_text]Es nuestra soluci\u00f3n para que los comercios ofrezcan a sus clientes la posibilidad de realizar pedidos y compras online.<\/p>\n<p>Para ello integramos un bot\u00f3n de Pedido Online al sitio web del comercio desde el cual el cliente podr\u00e1: seleccionar el local (si hubiere m\u00e1s de uno), hacer el pedido y realizar el pago.[\/vc_column_text][vc_empty_space height=&#8221;45px&#8221;][vc_column_text]<\/p>\n<h5 style=\"text-align: center; color: #1dafcc;\">BOTON DE PEDIDO ONLINE INTEGRABLE A TU SITIO WEB<br \/>\n+<br \/>\nM\u00d3DULO DE ADMINISTRACI\u00d3N DE MEN\u00da<\/h5>\n<p>[\/vc_column_text][\/qode_elements_holder_item][\/qode_elements_holder][\/vc_column][\/vc_row][vc_row css_animation=&#8221;&#8221; row_type=&#8221;row&#8221; use_row_as_full_screen_section=&#8221;no&#8221; type=&#8221;full_width&#8221; header_style=&#8221;dark&#8221; anchor=&#8221;funciones&#8221; angled_section=&#8221;no&#8221; text_align=&#8221;left&#8221; background_image_as_pattern=&#8221;without_pattern&#8221; z_index=&#8221;&#8221;][vc_column][vc_empty_space][vc_column_text]<\/p>\n<h3 style=\"text-align: center; color: #0080ff;\">Funciones<\/h3>\n<p>[\/vc_column_text][vc_empty_space height=&#8221;60px&#8221;][\/vc_column][\/vc_row][vc_row css_animation=&#8221;&#8221; row_type=&#8221;row&#8221; use_row_as_full_screen_section=&#8221;no&#8221; type=&#8221;full_width&#8221; header_style=&#8221;dark&#8221; anchor=&#8221;funciones&#8221; angled_section=&#8221;no&#8221; text_align=&#8221;left&#8221; background_image_as_pattern=&#8221;without_pattern&#8221; css=&#8221;.vc_custom_1519059499470{padding-bottom: 40px !important;}&#8221; z_index=&#8221;&#8221; el_class=&#8221;caja-ventajas&#8221;][vc_column offset=&#8221;vc_col-lg-6 vc_col-md-12&#8243;][qode_elements_holder number_of_columns=&#8221;four_columns&#8221;][qode_elements_holder_item advanced_animations=&#8221;no&#8221;][image_with_text title_tag=&#8221;h6&#8243; image=&#8221;348&#8243; title=&#8221;Bot\u00f3n de Pedidos de take away &amp; delivery &#8220;][\/image_with_text][\/qode_elements_holder_item][qode_elements_holder_item advanced_animations=&#8221;no&#8221;][image_with_text title_tag=&#8221;h6&#8243; image=&#8221;359&#8243; title=&#8221;Funci\u00f3n de b\u00fasquedas por geolocalizaci\u00f3n&#8221;][\/image_with_text][\/qode_elements_holder_item][qode_elements_holder_item advanced_animations=&#8221;no&#8221;][image_with_text title_tag=&#8221;h6&#8243; image=&#8221;358&#8243; title=&#8221;Integraci\u00f3n de pagos online&#8221;][\/image_with_text][\/qode_elements_holder_item][qode_elements_holder_item advanced_animations=&#8221;no&#8221;][image_with_text title_tag=&#8221;h6&#8243; image=&#8221;357&#8243; title=&#8221;Login con redes sociales&#8221;][\/image_with_text][\/qode_elements_holder_item][\/qode_elements_holder][vc_empty_space][qode_elements_holder number_of_columns=&#8221;four_columns&#8221;][qode_elements_holder_item advanced_animations=&#8221;no&#8221;][image_with_text title_tag=&#8221;h6&#8243; image=&#8221;356&#8243; title=&#8221;Cuponeras de descuento&#8221;][\/image_with_text][\/qode_elements_holder_item][qode_elements_holder_item advanced_animations=&#8221;no&#8221;][image_with_text title_tag=&#8221;h6&#8243; image=&#8221;355&#8243; title=&#8221;Notificaciones de aviso ante nuevos pedidos&#8221;][\/image_with_text][\/qode_elements_holder_item][qode_elements_holder_item advanced_animations=&#8221;no&#8221;][image_with_text title_tag=&#8221;h6&#8243; image=&#8221;354&#8243; title=&#8221;Reportes de ventas en tiempo real&#8221;][\/image_with_text][\/qode_elements_holder_item][qode_elements_holder_item advanced_animations=&#8221;no&#8221;][image_with_text title_tag=&#8221;h6&#8243; image=&#8221;362&#8243; title=&#8221;Administraci\u00f3n independiente de cada local&#8221;][\/image_with_text][\/qode_elements_holder_item][\/qode_elements_holder][\/vc_column][vc_column offset=&#8221;vc_col-lg-6 vc_col-md-12&#8243;][qode_elements_holder number_of_columns=&#8221;one_column&#8221;][qode_elements_holder_item advanced_animations=&#8221;no&#8221;][vc_single_image image=&#8221;351&#8243; img_size=&#8221;full&#8221; alignment=&#8221;center&#8221; qode_css_animation=&#8221;element_from_left&#8221; css=&#8221;.vc_custom_1519053901542{margin-right: 0px !important;margin-left: 0px !important;padding-top: 0px !important;padding-right: 0px !important;padding-bottom: 0px !important;padding-left: 0px !important;}&#8221;][\/qode_elements_holder_item][\/qode_elements_holder][\/vc_column][\/vc_row][vc_row css_animation=&#8221;&#8221; row_type=&#8221;row&#8221; use_row_as_full_screen_section=&#8221;no&#8221; type=&#8221;full_width&#8221; header_style=&#8221;dark&#8221; anchor=&#8221;ventajas&#8221; angled_section=&#8221;no&#8221; text_align=&#8221;left&#8221; background_image_as_pattern=&#8221;without_pattern&#8221; z_index=&#8221;&#8221;][vc_column][vc_empty_space][vc_column_text]<\/p>\n<h3 style=\"text-align: center; color: #0080ff;\">Ventajas<\/h3>\n<p>[\/vc_column_text][vc_empty_space height=&#8221;60px&#8221;][\/vc_column][\/vc_row][vc_row css_animation=&#8221;&#8221; row_type=&#8221;row&#8221; use_row_as_full_screen_section=&#8221;no&#8221; type=&#8221;full_width&#8221; header_style=&#8221;dark&#8221; angled_section=&#8221;no&#8221; text_align=&#8221;left&#8221; background_image_as_pattern=&#8221;without_pattern&#8221; z_index=&#8221;&#8221;][vc_column width=&#8221;1\/3&#8243;][icon_text box_type=&#8221;normal&#8221; icon_pack=&#8221;dripicons&#8221; dripicon=&#8221;dripicons-lightbulb&#8221; icon_type=&#8221;circle&#8221; icon_position=&#8221;top&#8221; icon_size=&#8221;fa-4x&#8221; use_custom_icon_size=&#8221;yes&#8221; custom_icon_size_inner=&#8221;65&#8243; icon_gradient=&#8221;yes&#8221; icon_animation=&#8221;q_icon_animation&#8221; icon_animation_delay=&#8221;0&#8243; title=&#8221;Soluci\u00f3n Integral&#8221; title_tag=&#8221;h4&#8243; separator=&#8221;no&#8221; title_color=&#8221;#000000&#8243; text_color=&#8221;#777777&#8243; icon_border_color=&#8221;#ffffff&#8221; icon_background_color=&#8221;#ffffff&#8221; icon_hover_background_color=&#8221;#ffffff&#8221;][\/vc_column][vc_column width=&#8221;1\/3&#8243;][icon_text box_type=&#8221;normal&#8221; icon_pack=&#8221;dripicons&#8221; dripicon=&#8221;dripicons-clock&#8221; icon_type=&#8221;circle&#8221; icon_position=&#8221;top&#8221; icon_size=&#8221;fa-4x&#8221; use_custom_icon_size=&#8221;yes&#8221; custom_icon_size_inner=&#8221;65&#8243; icon_gradient=&#8221;yes&#8221; icon_animation=&#8221;q_icon_animation&#8221; icon_animation_delay=&#8221;0&#8243; title=&#8221;Implementaci\u00f3n Inmediata&#8221; title_tag=&#8221;h4&#8243; separator=&#8221;no&#8221; title_color=&#8221;#000000&#8243; text_color=&#8221;#777777&#8243; icon_border_color=&#8221;#ffffff&#8221; icon_background_color=&#8221;#ffffff&#8221; icon_hover_background_color=&#8221;#ffffff&#8221;][\/vc_column][vc_column width=&#8221;1\/3&#8243;][icon_text box_type=&#8221;normal&#8221; icon_pack=&#8221;dripicons&#8221; dripicon=&#8221;dripicons-store&#8221; icon_type=&#8221;circle&#8221; icon_position=&#8221;top&#8221; icon_size=&#8221;fa-4x&#8221; use_custom_icon_size=&#8221;yes&#8221; custom_icon_size_inner=&#8221;65&#8243; icon_gradient=&#8221;yes&#8221; icon_animation=&#8221;q_icon_animation&#8221; icon_animation_delay=&#8221;0&#8243; title=&#8221;Propuesta Omnichannel&#8221; title_tag=&#8221;h4&#8243; separator=&#8221;no&#8221; title_color=&#8221;#000000&#8243; text_color=&#8221;#777777&#8243; icon_border_color=&#8221;#ffffff&#8221; icon_background_color=&#8221;#ffffff&#8221; icon_hover_background_color=&#8221;#ffffff&#8221;][\/vc_column][\/vc_row][vc_row css_animation=&#8221;&#8221; row_type=&#8221;row&#8221; use_row_as_full_screen_section=&#8221;no&#8221; type=&#8221;full_width&#8221; header_style=&#8221;dark&#8221; angled_section=&#8221;no&#8221; text_align=&#8221;left&#8221; background_image_as_pattern=&#8221;without_pattern&#8221; z_index=&#8221;&#8221;][vc_column width=&#8221;1\/3&#8243;][icon_text box_type=&#8221;normal&#8221; icon_pack=&#8221;dripicons&#8221; dripicon=&#8221;dripicons-scale&#8221; icon_type=&#8221;circle&#8221; icon_position=&#8221;top&#8221; icon_size=&#8221;fa-4x&#8221; use_custom_icon_size=&#8221;yes&#8221; custom_icon_size_inner=&#8221;65&#8243; icon_gradient=&#8221;yes&#8221; icon_animation=&#8221;q_icon_animation&#8221; icon_animation_delay=&#8221;0&#8243; title=&#8221;Customizable por marca y local&#8221; title_tag=&#8221;h4&#8243; separator=&#8221;no&#8221; title_color=&#8221;#000000&#8243; text_color=&#8221;#777777&#8243; icon_border_color=&#8221;#ffffff&#8221; icon_background_color=&#8221;#ffffff&#8221; icon_hover_background_color=&#8221;#ffffff&#8221;][\/vc_column][vc_column width=&#8221;1\/3&#8243;][icon_text box_type=&#8221;normal&#8221; icon_pack=&#8221;dripicons&#8221; dripicon=&#8221;dripicons-wrong&#8221; icon_type=&#8221;circle&#8221; icon_position=&#8221;top&#8221; icon_size=&#8221;fa-4x&#8221; use_custom_icon_size=&#8221;yes&#8221; custom_icon_size_inner=&#8221;65&#8243; icon_gradient=&#8221;yes&#8221; icon_animation=&#8221;q_icon_animation&#8221; icon_animation_delay=&#8221;0&#8243; title=&#8221;Sin costos fijos mensuales&#8221; title_tag=&#8221;h4&#8243; separator=&#8221;no&#8221; title_color=&#8221;#000000&#8243; text_color=&#8221;#777777&#8243; icon_border_color=&#8221;#ffffff&#8221; icon_background_color=&#8221;#ffffff&#8221; icon_hover_background_color=&#8221;#ffffff&#8221;][\/vc_column][vc_column width=&#8221;1\/3&#8243;][icon_text box_type=&#8221;normal&#8221; icon_pack=&#8221;dripicons&#8221; dripicon=&#8221;dripicons-device-mobile&#8221; icon_type=&#8221;circle&#8221; icon_position=&#8221;top&#8221; icon_size=&#8221;fa-4x&#8221; use_custom_icon_size=&#8221;yes&#8221; custom_icon_size_inner=&#8221;65&#8243; icon_gradient=&#8221;yes&#8221; icon_animation=&#8221;q_icon_animation&#8221; icon_animation_delay=&#8221;0&#8243; title=&#8221;Soluci\u00f3n Web Responsive&#8221; title_tag=&#8221;h4&#8243; separator=&#8221;no&#8221; title_color=&#8221;#000000&#8243; text_color=&#8221;#777777&#8243; icon_border_color=&#8221;#ffffff&#8221; icon_background_color=&#8221;#ffffff&#8221; icon_hover_background_color=&#8221;#ffffff&#8221;][\/vc_column][\/vc_row][vc_row css_animation=&#8221;&#8221; row_type=&#8221;row&#8221; use_row_as_full_screen_section=&#8221;no&#8221; type=&#8221;full_width&#8221; header_style=&#8221;dark&#8221; anchor=&#8221;contacto&#8221; angled_section=&#8221;no&#8221; text_align=&#8221;left&#8221; background_image_as_pattern=&#8221;without_pattern&#8221; z_index=&#8221;&#8221;][vc_column][vc_empty_space][\/vc_column][\/vc_row]<\/p>\n","protected":false},"excerpt":{"rendered":"<p>[vc_row css_animation=&#8221;&#8221; row_type=&#8221;row&#8221; use_row_as_full_screen_section=&#8221;no&#8221; type=&#8221;full_width&#8221; header_style=&#8221;light&#8221; anchor=&#8221;home&#8221; angled_section=&#8221;no&#8221; text_align=&#8221;left&#8221; background_image_as_pattern=&#8221;without_pattern&#8221; css=&#8221;.vc_custom_1519062763480{background-color: #151729 !important;}&#8221; z_index=&#8221;&#8221;][vc_column][rev_slider_vc alias=&#8221;home&#8221;][\/vc_column][\/vc_row][vc_row css_animation=&#8221;&#8221; row_type=&#8221;row&#8221; use_row_as_full_screen_section=&#8221;no&#8221; type=&#8221;full_width&#8221; header_style=&#8221;dark&#8221; angled_section=&#8221;no&#8221; text_align=&#8221;center&#8221; background_image_as_pattern=&#8221;without_pattern&#8221; css=&#8221;.vc_custom_1519059429116{padding-top: 50px !important;padding-bottom: 70px !important;}&#8221; z_index=&#8221;&#8221;][vc_column offset=&#8221;vc_col-lg-offset-2 vc_col-lg-8&#8243;][vc_column_text] Brindamos Soluciones Innovadoras [\/vc_column_text][image_hover target=&#8221;_self&#8221;][\/vc_column][\/vc_row][vc_row css_animation=&#8221;&#8221; row_type=&#8221;row&#8221; use_row_as_full_screen_section=&#8221;no&#8221; type=&#8221;full_width&#8221; header_style=&#8221;dark&#8221; angled_section=&#8221;no&#8221; text_align=&#8221;left&#8221; background_image_as_pattern=&#8221;without_pattern&#8221; z_index=&#8221;&#8221;][vc_column width=&#8221;1\/3&#8243;][image_with_text title_tag=&#8221;h5&#8243; image=&#8221;320&#8243; title=&#8221;Franch Up Gastronom\u00eda&#8221;][\/image_with_text][\/vc_column][vc_column width=&#8221;1\/3&#8243;][image_with_text title_tag=&#8221;h5&#8243; image=&#8221;313&#8243; title=&#8221;Franch<\/p>\n","protected":false},"author":1,"featured_media":0,"parent":0,"menu_order":0,"comment_status":"closed","ping_status":"closed","template":"full_width.php","meta":[],"_links":{"self":[{"href":"https:\/\/www.franchup.com\/index.php\/wp-json\/wp\/v2\/pages\/5"}],"collection":[{"href":"https:\/\/www.franchup.com\/index.php\/wp-json\/wp\/v2\/pages"}],"about":[{"href":"https:\/\/www.franchup.com\/index.php\/wp-json\/wp\/v2\/types\/page"}],"author":[{"embeddable":true,"href":"https:\/\/www.franchup.com\/index.php\/wp-json\/wp\/v2\/users\/1"}],"replies":[{"embeddable":true,"href":"https:\/\/www.franchup.com\/index.php\/wp-json\/wp\/v2\/comments?post=5"}],"version-history":[{"count":45,"href":"https:\/\/www.franchup.com\/index.php\/wp-json\/wp\/v2\/pages\/5\/revisions"}],"predecessor-version":[{"id":368,"href":"https:\/\/www.franchup.com\/index.php\/wp-json\/wp\/v2\/pages\/5\/revisions\/368"}],"wp:attachment":[{"href":"https:\/\/www.franchup.com\/index.php\/wp-json\/wp\/v2\/media?parent=5"}],"curies":[{"name":"wp","href":"https:\/\/api.w.org\/{rel}","templated":true}]}}